{"id":16,"date":"2022-03-22T15:23:59","date_gmt":"2022-03-22T15:23:59","guid":{"rendered":"https:\/\/wilmarijooste.co.za\/shop\/?post_type=product&#038;p=16"},"modified":"2025-07-03T10:02:07","modified_gmt":"2025-07-03T10:02:07","slug":"paradys","status":"publish","type":"product","link":"https:\/\/wilmarijooste.co.za\/shop\/product\/paradys\/","title":{"rendered":"Paradys"},"content":{"rendered":"<p lang=\"af-ZA\">Riccardo Caselli is in \u2019n ernstige geloofstryd gewikkel na die dood van sy verloofde \u2019n jaar gelede. Hy dink daaraan om te bedank, maar sy medeleraar \u2013 ook sy beste vriend \u2013 praat hom om om Paradys toe te gaan en in te staan vir die predikant wat in die hospitaal is na \u2019n hartaanval.<br \/>\nTeen sy sin stem Riccardo in, maar raak tog betrokke by Paradys se mense. Die mooie Bern\u00e9 Krige, wie se hande vir niks verkeerd staan nie, kruip sommer gou onder sy vel in. Hy loop hom ook vas in Bern\u00e9 se jonger suster, Jeandri, met haar bont hare, skokkende kleredrag en swak taalgebruik wat n\u00edks reg w\u00edl doen nie.<br \/>\nAl word hy gewaarsku om nie betrokke te raak by Paradys se swartskaap en moeilikheidmaker nie, kom hy gou agter; onder daardie rebelse dop is \u2019n mens waarvan niemand in Paradys weet nie. Nadat Jeandri in \u2019n ongeluk was, laai Riccardo haar af by tant Fina \u2013 Paradys se kluisenaar wat predikante h\u00e1\u00e1t.<br \/>\nKan Riccardo Vir Jeandri hervorm sodat sy aanvaarbaar sal wees vir Paradys? En sal hy tant Fina kan oortuig dat alle predikante nie dieselfde is nie?<br \/>\nFerdinand se hulp word ingeroep, maar Ferdinand verloor sy hart op die beeldskone Cinelle de Groen. Hoe kan daar ooit \u2019n gelukkige einde wees wanneer Bern\u00e9 besef dat Cinelle die suster is wie sy so haat en dat sy vir Riccardo gaan verloor?<\/p>\n","protected":false},"excerpt":{"rendered":"<p>Riccardo Caselli is in \u2019n ernstige geloofstryd gewikkel na die dood van sy verloofde \u2019n jaar gelede. Hy dink daaraan om te bedank, maar sy medeleraar \u2013 ook sy beste vriend \u2013 praat hom om om Paradys toe te gaan en in te staan vir die predikant wat in die hospitaal is na \u2019n hartaanval.&hellip; <a class=\"more-link\" href=\"https:\/\/wilmarijooste.co.za\/shop\/product\/paradys\/\">Continue reading <span class=\"screen-reader-text\">Paradys<\/span><\/a><\/p>\n","protected":false},"featured_media":17,"template":"","meta":[],"product_brand":[],"product_cat":[19],"product_tag":[],"class_list":{"0":"post-16","1":"product","2":"type-product","3":"status-publish","4":"has-post-thumbnail","6":"product_cat-boeke","7":"entry","9":"first","10":"instock","11":"shipping-taxable","12":"purchasable","13":"product-type-simple"},"jetpack_sharing_enabled":true,"_links":{"self":[{"href":"https:\/\/wilmarijooste.co.za\/shop\/wp-json\/wp\/v2\/product\/16","targetHints":{"allow":["GET"]}}],"collection":[{"href":"https:\/\/wilmarijooste.co.za\/shop\/wp-json\/wp\/v2\/product"}],"about":[{"href":"https:\/\/wilmarijooste.co.za\/shop\/wp-json\/wp\/v2\/types\/product"}],"wp:featuredmedia":[{"embeddable":true,"href":"https:\/\/wilmarijooste.co.za\/shop\/wp-json\/wp\/v2\/media\/17"}],"wp:attachment":[{"href":"https:\/\/wilmarijooste.co.za\/shop\/wp-json\/wp\/v2\/media?parent=16"}],"wp:term":[{"taxonomy":"product_brand","embeddable":true,"href":"https:\/\/wilmarijooste.co.za\/shop\/wp-json\/wp\/v2\/product_brand?post=16"},{"taxonomy":"product_cat","embeddable":true,"href":"https:\/\/wilmarijooste.co.za\/shop\/wp-json\/wp\/v2\/product_cat?post=16"},{"taxonomy":"product_tag","embeddable":true,"href":"https:\/\/wilmarijooste.co.za\/shop\/wp-json\/wp\/v2\/product_tag?post=16"}],"curies":[{"name":"wp","href":"https:\/\/api.w.org\/{rel}","templated":true}]}}